**3 + 6*l**2 - 11. Determine c(-4).
21
Let k(i) = 9*i - 14. Calculate k(4).
22
Let q(u) = -u**2 + 17*u + 36. What is q(18)?
18
Let j(y) = y**2 - 27*y - 59. Give j(29).
-1
Let j(u) = 23*u + 84. Give j(-4).
-8
Let o(g) = 8*g**2. Give o(1).
8
Let j(q) = -45*q + 857. Determine j(19).
2
Let n(j) = j + 16. Determine n(-7).
9
Let o(d) = d**2 - 10*d - 1. Give o(11).
10
Let m(b) = -2*b**3 + 15*b**2 + 10*b - 9. Calculate m(8).
7
Let w(s) = -12*s + 56. Calculate w(5).
-4
Let v(h) = -26*h - 98. Calculate v(-4).
6
Let g(j) = -2*j**2 - 10*j - 9. Determine g(-6).
-21
Let m(t) = 2*t**2 + 3*t + 22. Determine m(-3).
31
Let c(d) = -d**3 + 9*d**2 + d - 11. Give c(9).
-2
Let n(p) = -p**2 - 12*p - 16. Determine n(-12).
-16
Let b(u) = -30*u**2 - 2*u + 1. Give b(1).
-31
Let d(q) = q**3 - 7*q**2 + 2*q - 9. Calculate d(6).
-33
Let z(s) = -s**2 - 9*s + 8. Calculate z(-10).
-2
Let f(l) = l**2 + 6*l - 3. Determine f(-6).
-3
Let r(a) = a**3 + 2*a**2 - 5*a - 4. Calculate r(-3).
2
Let c(h) = -5*h + 21. Calculate c(5).
-4
Let l(r) = -3*r**2 + 8*r - 12. Determine l(5).
-47
Let u(n) = n**3 + n + 33. Calculate u(0).
33
Let z(s) = 12*s - 72. Determine z(6).
0
Let o(m) = 2*m**2 - 25*m + 11. What is o(12)?
-1
Let g(r) = 3*r**3 - r**2 + 5*r - 2. Give g(3).
85
Let f(h) = h**3 + 6*h**2 + 3*h + 13. Give f(-5).
23
Let w(f) = 2*f + 5. What is w(6)?
17
Let r(c) = c. Calculate r(5).
5
Let o(w) = 2*w + 1. What is o(-9)?
-17
Let z(p) = -p**2 - 8*p - 9. Determine z(-6).
3
Let h(j) = j**3 - 7*j**2 - 9*j. What is h(8)?
-8
Let f(z) = z**2 + 7*z + 5. What is f(-4)?
-7
Let c(p) = -9*p + 600. What is c(67)?
-3
Let a(d) = 2*d + 29. What is a(0)?
29
Let w(q) = -7*q - 1. Determine w(-15).
104
Let p(g) = -4*g - 7. Calculate p(-3).
5
Let w(o) = o**2 - o - 24. Give w(7).
18
Let z(j) = -2*j**2 - 15*j - 1. Calculate z(-10).
-51
Let o(z) = -26*z - 200. What is o(-8)?
8
Let n(t) = 7*t**2 + t - 1. Determine n(-2).
25
Let f(d) = d**3 - 12*d**2 + 15*d + 18. Determine f(10).
-32
Let b(j) = j**3 - 16*j**2 + 14*j + 19. Give b(15).
4
Let o(a) = a**3 + 6*a**2 + 2*a - 7. Determine o(-6).
-19
Let k(l) = 4*l - 12. Give k(8).
20
Let m(n) = -n**3 + 17*n**2 - 17*n - 32. Give m(16).
-48
Let w(i) = 4*i - 7. Determine w(-8).
-39
Let f(k) = -2*k**3 + 12*k**2 + 4*k - 12. What is f(6)?
12
Let w(x) = -5*x + 6. What is w(3)?
-9
Let f(r) = -r**3 + 16*r**2 + 2*r - 26. Determine f(16).
6
Let j(c) = 2*c**2 + 13*c + 6. Calculate j(-4).
-14
Let w(p) = -7*p + 2. Give w(3).
-19
Let f(c) = -c**3 + 7*c**2 + 8*c - 10. What is f(6)?
74
Let w(a) = a**3 - 3*a**2 - 7*a - 19. Determine w(5).
-4
Let x(s) = -s**2 + 3*s + 5. What is x(6)?
-13
Let p(v) = v**3 + 17*v**2 - 22*v + 5. Determine p(-18).
77
Let m(w) = w**2 - 11*w - 20. What is m(13)?
6
Let y(k) = k**2 + 3*k - 28. Calculate y(-7).
0
Let z(m) = -m**2 - 4*m + 12. Determine z(-6).
0
Let v(l) = l**3 - 2*l + 27. Determine v(0).
27
Let g(n) = 7*n - 52. Give g(6).
-10
Let d(q) = -5*q + 2. Give d(-2).
12
Let h(i) = i**3 + 22*i**2 - 1. Give h(-22).
-1
Let l(v) = v**3 + 7*v**2 - 20*v - 17. Give l(-9).
1
Let g(n) = -6*n**2 - 4*n + 10. Calculate g(2).
-22
Let q(z) = 6*z - 14. Determine q(9).
40
Let f(t) = -t**2 - 19*t + 21. What is f(-20)?
1
Let c(n) = -n**3 + 4*n**2 + 2*n - 3. Calculate c(4).
5
Let c(f) = f**2 - 93*f - 282. Determine c(-3).
6
Let g(i) = -3*i**3 + 15*i**2 + 6*i - 12. Give g(5).
18
Let w(d) = -6*d**3 + 32*d**2 - 10*d + 7. Give w(5).
7
Let t(g) = g**2 - 7*g + 4. What is t(3)?
-8
Let v(q) = q**2 - 10*q - 13. Give v(12).
11
Let p(c) = -11*c - 93. What is p(-7)?
-16
Let r(y) = y**3 - 9*y**2 - y + 5. What is r(9)?
-4
Let k(s) = -s + 3. What is k(-7)?
10
Let s(r) = 2*r**2 - 4*r - 6. Calculate s(5).
24
Let y(r) = -6*r - 45. What is y(-9)?
9
Let c(a) = 5*a**2 + 2*a - 1. Give c(-1).
2
Let k(g) = 2*g - 11. Give k(3).
-5
Let p(l) = -l**2 + l - 2. Determine p(4).
-14
Let z(r) = r**3 - 14*r**2 - 8*r + 37. Give z(14).
-75
Let t(i) = -i - 5. What is t(-3)?
-2
Let o(c) = c**2 - 5*c + 2. Give o(7).
16
Let l(i) = i**2 - 14*i + 25. Give l(12).
1
Let r(o) = -o**2 + 36*o + 105. Calculate r(39).
-12
Let t(r) = -r**2 - 13*r + 1. Give t(-13).
1
Let f(k) = -k**2 + 9*k + 15. Calculate f(-5).
-55
Let o(i) = -i**3 - 5*i**2 + 6*i - 10. Give o(-7).
46
Let s(v) = v**2 - 21*v - 166. Calculate s(27).
-4
Let c(t) = t**2 + 26. Determine c(0).
26
Let m(v) = -v**3 + v**2 - v + 5. Calculate m(4).
-47
Let n(t) = t**2 - t + 1. Determine n(6).
31
Let i(a) = -a**3 + 3*a**2 + 2*a + 9. What is i(4)?
1
Let r(t) = 6*t + 25. Give r(-19).
-89
Let l(b) = -b**3 + 4*b**2 + 7*b - 3. Calculate l(5).
7
Let h(w) = -8*w - 38. Give h(-6).
10
Let x(s) = -2*s - 11. What is x(-6)?
1
Let x(b) = -b**2 + 9*b + 27. Determine x(11).
5
Let s(p) = p**3 - p + 1. Determine s(-1).
1
Let k(r) = -2*r**3 + 4*r**2 - 1. Determine k(3).
-19
Let b(f) = f**2 - 20*f + 34. Determine b(18).
-2
Let p(n) = -n**3 - 10*n**2 + 10*n - 7. Give p(-11).
4
Let t(s) = -2*s + 15. Determine t(3).
9
Let i(f) = f**3 + 5*f**2 - 2*f. Determine i(-3).
24
Let d(x) = -x**3 + x**2 + 14*x - 14. Determine d(4).
-6
Let n(k) = k**3 - k**2 - k + 1. Calculate n(-2).
-9
Let s(o) = 2*o + 43. Give s(22).
87
Let i(a) = a**2 + 16*a - 33. What is i(-14)?
-61
Let f(o) = -3*o - 115. Determine f(-40).
5
Let w(j) = -j**3 - 28*j**2 + 58*j + 2. What is w(-30)?
62
Let f(s) = -s**3 - 8*s**2 - 11*s - 3. Calculate f(-8).
85
Let n(g) = g**2 - 11*g + 20. Determine n(11).
20
Let p(t) = -40*t - 8. Calculate p(0).
-8
Let i(d) = -5*d + 10. Calculate i(3).
-5
Let h(y) = -y**3 + 4*y**2 - 2*y - 3. Give h(-3).
66
Let y(m) = 2*m**3 - 2*m**2 - 3*m - 4. Determine y(-3).
-67
Let g(q) = q**3 + 8*q**2 + 8*q - 6. Give g(-6).
18
Let m(v) = 2*v**2 + 3*v - 3. Determine m(-4).
17
Let m(o) = -6*o - 17. Determine m(-4).
7
Let i(h) = -h**3 - 34*h**2 - 36*h - 71. Give i(-33).
28
Let x(h) = 2*h**3 - 11*h**2 + 6*h + 19. Determine x(4).
-5
Let h(c) = -3*c - 5. Calculate h(0).
-5
Let g(m) = 78*m - 152. What is g(2)?
4
Let l(j) = -j - 17. Give l(-5).
-12
Let f(p) = p**3 + 8*p**2 + 12*p + 5. Give f(-7).
-30
Let d(v) = -v**2 + 17*v - 30. What is d(14)?
12
Let u(p) = 5*p**3 - p**2 - 4*p - 3. Determine u(0).
-3
Let p(a) = -2*a**3 + 2*a**2 + a - 2. Determine p(2).
-8
Let l(n) = -2*n**2 - 7*n. Determine l(3).
-39
Let l(b) = 32*b - 42. Give l(1).
-10
Let x(s) = 17*s + 5. Calculate x(6).
107
Let u(n) = -3*n + 7. Determine u(-10).
37
Let o(w) = -2*w**2 + 21*w - 2. What is o(11)?
-13
Let f(w) = w**2 - 65. Calculate f(0).
-65
Let a(f) = 2*f**3 + 18*f**2 + 39*f + 22. What is a(-6)?
4
Let d(i) = 11*i - 4. Determine d(3).
29
Let s(q) = -6*q**2 + q + 54. Calculate s(0).
54
Let l(i) = -i**2 + 15*i - 12. Determine l(14).
2
Let s(w) = -2*w - 24. Give s(7).
-38
Let n(q) = 56*q - 2. Determine n(1).
54
Let j(q) = q**2 + 11*q - 18. Give j(-11).
-18
Let g(n) = n**2 + 24*n - 36. Calculate g(-25).
-11
Let n(c) = -c**3 + 11*c**2 - 18*c - 5. Determine n(9).
-5
Let j(s) = 23*s**3 - s**2 - 4*s - 2. Determine j(-1).
-22
Let h(b) = 37*b + 3. What is h(0)?
3
Let l(n) = 2*n**2 - 27*n - 23. Calculate l(14).
-9
Let o(s) = -3*s + 18. What is o(8)?
-6
Let r(q) = -3*q - 9. What is r(-8)?
15
Let u(t) = -t**2 + 7*t + 3. Calculate u(6).
9
Let z(q) = 2*q**2 - 14*q - 44. Give z(8).
-28
Let h(p) = 5*p + 4. Calculate h(-3).
-11
Let k(b) = 9*b + 22. Calculate k(-4).
-14
Let y(j) = -2*j**2 + 7*j - 6. Calculate y(0).
-6
Let k(o) = -6*o - 26. What is k(-4)?
-2
Let c(a) = -a**2 + 5*a + 19. What is c(5)?
19
Let t(b) = b**3 + 4*b**2 - 1. What is t(-5)?
-26
Let d(q) = -q**3 + q**2 - 2*q. Give d(3).
-24
Let v(c) = -9*c + 1. What is v(-1)?
10
Let a(f) = -20*f + 105. Determine a(5).
5
Let g(k) = -k**3 + k**2 + 45*k - 14. Calculate g(7).
7
Let l(p) = 55*p - 582. What is l(10)?
-32
Let h(f) = f**2 - 7*f - 11. What is h(6)?
-17
Let a(w) = -2*w**2 - 11*w - 2. Determine a(-5).
3
Let c(p) = 2*p - 4. Determine c(5).
6
Let g(f) = -7*f**2 - f. What is g(-2)?
-26
Let n(u) = u**2 + u + 1. Determine n(2).
7
Let i(n) = -6*n - 46. Determine i(-7).
-4
Let r(a) = -a**3 + 13*a**2 + 14*a - 2. Determine r(14).
-2
Let y(j) = -j**3 - 6*j**2 - 2*j - 1. Calculate y(-6).
11
Let q(g) = -20*g**2 + 3*g + 3. Determine q(-2).
-83
Let x(z) = z - 6. Calculate x(7).
1
Let m(k) = k**2 + 20*k + 58. Give m(-17).
7
Let p(h) = -h**3 - 2*h**2 + 2*h - 5. Calculate p(-3).
-2
Let p(b) = -4*b - 51. What is p(-12)?
-3
Let j(i) =